rime factors of l.
3
Let g(k) = k**2 + 4*k - 8. Let t be (-54)/8 - 3/12. What are the prime factors of g(t)?
13
Suppose 0 = -0*u - 2*u + 6. Suppose 0*t - 2*n + 76 = 3*t, -4*t = u*n - 103. What are the prime factors of t?
2, 11
Let r = -13 - -13. Let l(b) = -b**3 - 2*b**2 + 3*b + 4. Let o be l(-3). Let n = o - r. List the prime factors of n.
2
Let i(j) = j**3 + 35. List the prime factors of i(0).
5, 7
Let k(j) = -j**3 + 4*j**2 + 2. Let g be k(4). Suppose 29 = -u - 5*p, -g*u + 115 = -7*u + 5*p. Let d = 35 + u. List the prime factors of d.
11
Let v(m) = -2*m**3 - 18*m**2 - 16*m + 7. What are the prime factors of v(-8)?
7
What are the prime factors of (56/(-3))/((-16)/48)?
2, 7
List the prime factors of -11*(-18 - 2)/4.
5, 11
Suppose -j = -12 + 4. What are the prime factors of j?
2
List the prime factors of ((-6)/3 - -4)*(-1135)/(-10).
227
Suppose 7*s - 11*s = -20. What are the prime factors of s?
5
Suppose 7 = -n - v - v, -3*n = 5*v + 24. Let r = -3 - n. What are the prime factors of 3/(-2)*r/(-1)?
3, 5
Let d(k) = -k**2 + 6*k + 2. List the prime factors of d(3).
11
Suppose 0 = -8*y + 4*y - 3*z + 28, -4 = -2*y + z. Suppose -2*l + 3 = -l, -y*t = 5*l - 143. What are the prime factors of t?
2
Let m = 92 + -13. List the prime factors of m.
79
Let k be 1*2/2 - 0. Let z(f) = f - 1. Let d be z(k). What are the prime factors of 11 + (d/(-2) - 0)?
11
Suppose -g - 2*g + 105 = 0. Let z be (2/2)/((-5)/g). What are the prime factors of -30*(z/5 + 1)?
2, 3
Let a(q) = 2*q - 7 + 0*q + 0*q. List the prime factors of a(6).
5
Suppose 3*p = 6, 5*d + 16 = -2*p + 275. List the prime factors of d.
3, 17
Let l(m) = -7*m + m + 91 - 92 - m**2. What are the prime factors of l(-3)?
2
Suppose j - 4*u - 22 = 0, -5*j - 3*u + 22 + 19 = 0. Let y be 110/25 - 4/j. Let k = y - -5. List the prime factors of k.
3
Let u = -3 + 1. Let y be (-7 - 0)*(-1 - u). Let n = 17 + y. List the prime factors of n.
2, 5
Let f be (-74)/(-6) + 8/12. Let s = f + 2. What are the prime factors of s?
3, 5
Let p = 6 + -43. Let j = 71 + p. What are the prime factors of j?
2, 17
Suppose 0 = -0*l - 2*l, 2 = t - 3*l. What are the prime factors of t/(3 - 23/8)?
2
Let c(v) = 5*v**2 - 11*v + 49. Let a(k) = k**2 - 2*k + 10. Let j(b) = 11*a(b) - 2*c(b). Let d be j(0). List the prime factors of (-1)/(-3) + 140/d.
2, 3
Let v(y) = 6*y + 3. Let h be v(4). Let w = h + -10. List the prime factors of w.
17
Suppose 16 = 4*c, 0 = -y - 3*y + 2*c + 64. What are the prime factors of y?
2, 3
Let f = 38 + -6. List the prime factors of f.
2
Suppose -p - 5*d = -9, 4*p + d = -2*d + 19. Let n be 12/18*18/p. Suppose n*j - 3 = 2*j. What are the prime factors of j?
3
Suppose -8 = -4*x + 2*x. Let n be x/(-18) - 47/(-9). Suppose 2*c - n*i = 0, -c + 3*i = 8*i - 30. What are the prime factors of c?
2, 5
Suppose 0 = -13*p + 12*p + 20. What are the prime factors of p?
2, 5
Let v be (-214)/6 - 2/(-3). What are the prime factors of (-42)/v - (-4)/5?
2
Suppose -12 + 8 = -y. List the prime factors of (-10)/((-4)/24*y).
3, 5
Let l(r) = -r**2 - 4*r + 2. Let j be l(-4). Suppose -j*i - 8 + 50 = 0. What are the prime factors of i?
3, 7
Let g = 24 + -18. Let n(q) = 70*q**3 + 2*q**2 - q. Let h be n(1). Suppose -g = 5*z - h. What are the prime factors of z?
13
Let j(h) = 3*h**2 - 10*h + 8. Let u(p) = -2*p**2 + 9*p - 7. Let b(f) = 3*j(f) + 4*u(f). Let l be b(-7). Suppose a + l*a - 48 = 0. List the prime factors of a.
2, 3
Suppose q - m = 134, 0*m = 3*q - 5*m - 404. What are the prime factors of q?
7, 19
Suppose -g + 2*l = -56, 5*g - 2*l - 151 - 153 = 0. Suppose -g = -4*s - 26. List the prime factors of s.
3
Suppose -2*h - 2*h + 508 = 5*d, -4*d + h + 419 = 0. List the prime factors of d.
2, 13
Let q be 5 - (3 + -9)/2. Suppose -z = -3*z + q. What are the prime factors of z?
2
Let x be -1 + (-12)/(-9)*3. Let z be (x + -2)/((-2)/90). Let f = 64 + z. List the prime factors of f.
19
Let o = 159 - 95. List the prime factors of o.
2
Let h(g) = -g**2 - 22*g - 23. What are the prime factors of h(-20)?
17
Suppose -8*t + 11*t - 84 = 0. List the prime factors of t.
2, 7
Suppose 0 = 3*f + 2*f - 155. Let w = f - 19. List the prime factors of w.
2, 3
Suppose 0 = 2*l - 3*v - 18, 5*l - 3*v + 5 = -8*v. Suppose -k - 4*k = -3*s + 11, 0 = -3*k - 3*s + l. List the prime factors of (1 - k)/((-6)/(-45)).
3, 5
Let s(n) = -n**3 - 2*n**2 + 5*n - 1. Let y be (2 + (-15)/(-6))*2. Let f = y - 13. List the prime factors of s(f).
11
Let t(k) = -k**3 + 4*k**2 + 6*k - 6. List the prime factors of t(4).
2, 3
Let q(w) = -12*w - 1. List the prime factors of q(-3).
5, 7
Let j = 3 + 2. Let g = 17 - j. What are the prime factors of g?
2, 3
Let k be 76/28 + 4/14. Suppose 5 = n - x, -n + x + 2 = -k*n. What are the prime factors of n - (2/(-1) - 2)?
5
Suppose -m = -2*u - 4, u + 0*m = m. Let v = -2 - u. Suppose r - 11 = -v*h, 0*r = -4*h - r + 17. List the prime factors of h.
3
Let j(b) = b**3 - 8*b**2 - 10*b + 9. Let o be j(9). Suppose o*v = 4*v. List the prime factors of 12 + (-2 - v)*1.
2, 5
Suppose 4*v - 6 + 26 = 0. Let o = v - -9. Suppose 0 = o*n + 2*u - 12, 0*n + n + 7 = -3*u. List the prime factors of n.
5
Suppose 3*k = -0 - 6. Let n be (-7 + 0 - 0)*-1. Let d = k + n. List the prime factors of d.
5
List the prime factors of (2/(-8))/(3 - 10865/3620).
181
Let n = 2 - -2. Let z = n - 4. Suppose 5*l + z = 3*w + 3, 0 = -l + w - 1. What are the prime factors of l?
3
Let a(k) = -2*k**2 - 2*k + 165. List the prime factors of a(0).
3, 5, 11
Let a = -43 + 47. List the prime factors of a.
2
Let q be (-3)/(24/(-7) - -3). Suppose q + 12 = p. What are the prime factors of p?
19
Suppose -3*j + 21 = 3*y, -2*j - 2*j - 53 = -5*y. What are the prime factors of y?
3
Suppose -5*q = -3*h - 993, -5*h = -5*q - h + 989. What are the prime factors of q?
3, 67
Let c(i) = 6 + 3*i**2 - 4*i**2 + 6*i + 0*i**2. What are the prime factors of c(5)?
11
Let o(l) = -3*l**2 - 3*l + 3. Let m(d) = -d**2 + 1. Let q(n) = -4*m(n) + o(n). List the prime factors of q(5).
3
What are the prime factors of ((-4)/10)/(-1) + 4459/65?
3, 23
Let c(m) = -5*m + 9. List the prime factors of c(-12).
3, 23
Let w = 19 + -12. Suppose w*z = 10*z - 9. What are the prime factors of z?
3
Suppose 0*o + 294 = 3*o. What are the prime factors of o?
2, 7
Suppose -5*o = -5*x + 315, -x + 0*x + 38 = 4*o. List the prime factors of x.
2, 29
Suppose -h + 0*h = 5*k - 26, -3*k - h + 14 = 0. Suppose -3*g + 47 = 4*l, -l - k = -3*l + 2*g. What are the prime factors of l - 3*(-2)/3?
2, 5
Suppose -2*n + 4*f - 23 + 3 = 0, -5*f + 25 = 0. Let q = 7 + -11. List the prime factors of (-1 - 1) + n - q.
2
Suppose 6 = j + 4*u, 0 = -4*j - 4*u + u + 50. What are the prime factors of j?
2, 7
Let j(q) = -4*q - 4. Suppose -5 = i + 2*t, 4*i - 3*t = t - 20. List the prime factors of j(i).
2
Let g = -315 - -449. What are the prime factors of g?
2, 67
Let l = 4 - 4. Suppose 3*y + 0 - 12 = l. Suppose 113 = y*w + 33. What are the prime factors of w?
2, 5
List the prime factors of ((-32)/5)/(4/(-10)).
2
Suppose -q - 3*s + 87 = 0, 0 = -3*s - 1 + 4. Let j = q + -57. What are the prime factors of j?
3
Suppose -4*a + 3 = -9, -4*n + a = 3. Suppose 5*u + 3*m - 58 = 0, m + n*m = -3*u + 38. List the prime factors of u.
2, 7
Let f be (-2 - (-9)/2)*2. Suppose -4 = 4*b, 4*v - f*b = v + 20. What are the prime factors of v?
5
Let m(w) = -w**2 - 10*w - 12. Let u = 5 + 0. Suppose 3*p + 9 = -u*a, -a = -3*p + 2*a - 33. List the prime factors of m(p).
2
Let n(m) = m + 9. Let d be n(-8). Suppose -d - 1 = 2*z - 4*k, 6 = 5*z + k. Suppose -q + z = -10. What are the prime factors of q?
11
Suppose 0 = 8*f - 9*f + 14. What are the prime factors of f?
2, 7
Suppose -4*b + 34 = -70. Let k = 54 - b. What are the prime factors of k?
2, 7
Let l(v) = v + 6. Let k be l(-8). List the prime factors of k + 1 + 7 - -1.
7
Suppose 2*k - 4*z = 38, -k + 0*k + 28 = -5*z. Suppose 2 = 5*c - k. Suppose a - 44 = -c*a. What are the prime factors of a?
11
Suppose -4*a = -7*a + 618. List the prime factors of a.
2, 103
Let j = -5 - 7. Let u = 5 - j. What are the prime factors of u?
17
Let a = 25 - 17. Let h = 13 - a. Suppose -h*o - 5*i = -75, -3*i + 65 = 4*o + 2*i. List the prime factors of o.
2, 5
What are the prime factors of (7/(-21))/((-2)/42)?
7
Let g(i) be the third derivative of -i**6/15 + i**5/60 + i**4/24 + 2*i**2. Let p(q) = q*